
2, 5
Let p(q) = 2237*q - 95. List the prime factors of p(4).
3, 13, 227
Suppose 0 = -16*q + 11*q + 50. Suppose -q = 2*f, -5*z = -46*f + 41*f - 3705. List the prime factors of z.
2, 23
Suppose 7*b + 5*y - 1795 = 6*b, 5*b - 8955 = -5*y. What are the prime factors of b?
2, 5, 179
Let h(x) = -x**3 - 11*x**2 + 14*x + 29. Let d be h(-12). Suppose 6*y - d*y = 5. List the prime factors of 3/y + 2128/20.
107
Suppose -23*i + 31*i + 4066398 = 71*i. What are the prime factors of i?
2, 59, 547
Let l(y) = -20*y**3 - 3*y**2 - 4*y + 3. Let t(x) = -22*x**3 - 2*x**2 - 4*x + 4. Let b(q) = 3*l(q) - 2*t(q). List the prime factors of b(-2).
3, 13
Suppose 3*c = -0*c - 24*c + 271998. List the prime factors of c.
2, 3, 23, 73
Let l(s) = -447*s + 7828. List the prime factors of l(17).
229
Let w be ((-2)/8)/((-8)/128). Suppose -1 + w = r. Suppose -3*t - 10 = s - 148, 4*t - r*s - 184 = 0. What are the prime factors of t?
2, 23
Let s = -332 - -654. Let w = -230 + s. List the prime factors of w.
2, 23
Let a = 22 + 21. Let z = -27 + a. Suppose 18 = 2*h + 3*q, q + z = 5*h + 5. List the prime factors of h.
3
Let d = 1894 - -777. What are the prime factors of d?
2671
Let t = 1345 - -11657. What are the prime factors of t?
2, 3, 11, 197
Let z = 244 + -171. Suppose -l - 148 = -5*l. Suppose -5*x = 4*o - 132, x - z = -3*o + l. What are the prime factors of o?
2, 19
Let x(p) = -108*p - 19. Let f be x(5). Let j = 1146 + f. List the prime factors of j.
587
Suppose -327*b + 353*b + 215609 - 1032711 = 0. List the prime factors of b.
11, 2857
Let r be (-16)/(-4) - (1 + (-5 - -2)). Let t(i) = 4*i**2 - 8 - 5 - 3*i**2. What are the prime factors of t(r)?
23
Let c(q) = -q**3 - 6*q**2 + 9*q - 8. Let v be c(-8). Suppose 9*s - 6*s - v = 0. What are the prime factors of ((-25)/(-10) - 1)/(3/s)?
2
Suppose 5*f = -15, -2*f = -4*m - 7*f + 25. Suppose 16*p - m*p - 12 = 0. What are the prime factors of (-1422)/(-36) - (-3)/p?
41
Suppose -5*o + 2*o - 3*y + 1995 = 0, 2*o + 5*y = 1336. Suppose 7*b - o = 5371. What are the prime factors of b?
2, 431
Let d be (5/(-2))/(20/(-48)). Let g(t) = 7*t**2 + t - 17. Let h(r) = 20*r**2 + 2*r - 51. Let q(c) = d*h(c) - 17*g(c). What are the prime factors of q(-9)?
109
Let r(k) = 18*k**2 + 90*k - 264. What are the prime factors of r(8)?
2, 3, 67
Let v(u) = -45*u + 36. Suppose 13*l + 12 = 10*l. What are the prime factors of v(l)?
2, 3
Let k be (-13)/39*(-30)/2. Suppose 4*h + 5*w - 241 = 2093, -k*h - w = -2907. List the prime factors of h.
7, 83
Suppose 0 = 4*d - 12, d - 5 + 352 = l. Suppose -13*g = -20*g + l. Suppose 5*t = z + 505, -t + 2*z = -51 - g. List the prime factors of t.
101
Let m(s) = s**3 + s**2 + s. Let h(j) = 5*j**3 + 25*j**2 + 2*j + 42. Let z(k) = h(k) - 6*m(k). Let p be z(19). List the prime factors of ((-12)/5*4505/p)/2.
3, 53
What are the prime factors of 62/775 + (66648/25 - -2)?
2, 23, 29
Suppose -2*v + 26 = 4. Suppose -2*s - v = 5*j + 2*s, 2*j = 5*s - 11. List the prime factors of -4 + 93 + (1 - j).
3, 31
Let v(o) = -o**3 - 7*o**2 - 2*o + 29. Let w be v(-6). Suppose 5*u - w*t = 5200, -5*u + 3118 = -2*u - t. What are the prime factors of u?
1039
Let m(l) = -460*l + 2602. List the prime factors of m(-12).
2, 31, 131
Let n = -3 + 13. Let u be (-5)/n - 31/2. Let k = u + 37. What are the prime factors of k?
3, 7
Let n = -40 - -46. List the prime factors of 982/n - ((-24)/18 + 2).
163
What are the prime factors of -48*3/9 - -7838?
2, 3911
Suppose -4*s - 496 = -5*r, -3*s - 496 = s - r. Let p = 475 + s. List the prime factors of p.
3, 13
Let q(z) = z**2 - z + 12. Let y be q(-3). Suppose 7*f - 5*f = y. What are the prime factors of (73/(-2))/(6/f*-1)?
73
Let n(c) = 170*c**3 - 2*c**2 + 1. Let g be n(1). Let b = 249 - g. Suppose 0 = 3*d - 605 + b. List the prime factors of d.
5, 7
Suppose 0 = -3*g + 5*l + 9, -4*g - 23 = -0*g + 5*l. List the prime factors of g/(6 + 3515/(-585)).
2, 3, 13
Let c be (-48)/(-15) + (-2)/10. List the prime factors of -413*c*2/(-3).
2, 7, 59
Let p = -38 + 5. Let a = 33 + p. Suppose -2*r + 38 + 182 = a. List the prime factors of r.
2, 5, 11
Let g = -8290 - -13391. Let l = g - 3551. What are the prime factors of l?
2, 5, 31
Suppose -20*f = -19*f - 12. Let g(k) = 3*k**2 + 6*k - 81. What are the prime factors of g(f)?
3, 47
Let q(t) = -12*t**2 + 59*t - 20. Let k be q(-10). Let d = k + 3014. List the prime factors of d.
2, 7, 43
Let c(u) = -24*u - 87. Let j(l) = 10*l - 4. Let g be j(0). List the prime factors of c(g).
3
Let u(r) = -37*r + 60. Let h(o) = -55*o + 90. Let l(y) = -5*h(y) + 8*u(y). List the prime factors of l(-16).
2, 3, 61
Let v be 3216/80 + (-2)/10. Suppose -5*q + 117 + v = -4*n, -q + 27 = -3*n. What are the prime factors of q?
3, 11
Let f(o) = 0*o**3 + 2*o**3 - 6*o + 17 - 3*o**3 - 19*o**2 + 49*o. Let g be f(-21). List the prime factors of (-293)/(-2) - 8/16 - g.
2, 3, 5
Let d(u) = 36*u**2 + 6*u - 9. Let b be d(6). Suppose -o - 2*o = 4*h - b, 3*h + 3*o = 996. What are the prime factors of h?
3, 109
Let w(n) = 3698*n**2 - 44*n + 46. List the prime factors of w(1).
2, 5, 37
Let d be 1/(2/(-169))*2. Suppose 5*b + 3*s + 162 = 0, -132 = b + 3*b + 3*s. Let t = b - d. List the prime factors of t.
139
Let a = 591 - -358. Let q = a + -735. List the prime factors of q.
2, 107
Suppose 164*m = 160*m + 16, q - 4081 = -2*m. What are the prime factors of q?
4073
Let x(c) be the second derivative of -c**5/20 + 5*c**4/6 + 13*c**3/6 - 4*c**2 - c - 37. List the prime factors of x(6).
2, 107
What are the prime factors of 14106/(((-3)/(-2))/1)*1/2?
2, 2351
Let a(k) be the third derivative of -9*k**4/2 + k**3/2 - 17*k**2. Let n(w) = -324*w + 10. Let b(r) = 8*a(r) - 3*n(r). List the prime factors of b(1).
2, 3, 17
Suppose d - 5*h = 7527, -2*h - 41 = -35. What are the prime factors of d?
2, 3, 313
Let b(d) = -365*d + 17079. List the prime factors of b(-33).
2, 3, 809
Let j(f) = -515*f + 20. Let l be j(1). Let k = l - -1249. List the prime factors of k.
2, 13, 29
Let j(g) = 6*g - 7. Let c(x) = 2*x - 2. Suppose 14 = -3*y - 4*y. Let u(k) = y*j(k) + 7*c(k). List the prime factors of u(6).
2, 3
Let o = -919 - -1527. List the prime factors of o.
2, 19
Suppose -13*c = -1218 - 8246. What are the prime factors of c + -6 + 28/2?
2, 23
Suppose 418 = 6*z + 32*z. List the prime factors of 950 + z + (-72)/9.
953
Let x(g) = g**2 - 73*g + 1315. Let r be x(43). Let b(t) = -t + 2. Let o be b(2). Let p = r + o. What are the prime factors of p?
5
Let a be (-1 + 1)/(0 + (8 - 7)). Suppose a = 97*u - 99*u + 10. What are the prime factors of ((-1)/2*-59)/(u/10)?
59
Suppose -2*z = 5*i - 298501, -4*i + 108393 = -z - 130413. List the prime factors of i.
227, 263
Let y be (-4)/42 + 4 + (-9456)/(-63). Suppose 677 + y = 3*p. What are the prime factors of p?
277
What are the prime factors of 1 + (6 - 9/3) + (-160024)/(-8)?
3, 13, 19
Let j(u) = 22*u + 66. Suppose 2*s + 91 = 109. List the prime factors of j(s).
2, 3, 11
Let t(f) = -3*f - 18. Let b be t(-7). Suppose 1532 = b*z - 925. What are the prime factors of z?
3, 7, 13
Let a(g) = -g + 15. Let l(c) = c - 1. Let v(m) = a(m) + 2*l(m). Let b be v(-7). Suppose -b*n + 234 + 1098 = 0. What are the prime factors of n?
2, 3, 37
Let q be 14/2 - (-52 + 63). Let i(t) be the second derivative of -26*t**3/3 + 8*t**2 + 2*t. What are the prime factors of i(q)?
2, 7
What are the prime factors of -2049*28/105*175/(-14)?
2, 5, 683
Suppose -5*x + 12056 = -2*m - 135845, 0 = 5*x + 2*m - 147889. List the prime factors of x.
11, 2689
Suppose 254 = 42*f + 44. Let v(p) = 2*p**2 + 2*p - 1. Let z be v(1). Suppose -2*i + 112 = a - 29, -f*i + 369 = -z*a. What are the prime factors of i?
2, 3
Suppose 0*t + 71 = t + 2*z, 0 = 4*t - 4*z - 332. Let k = -68 + t. Suppose 3*g + 344 = k*g. List the prime factors of g.
43
Suppose -7*g + 15 = -48. Suppose -16512 = -33*x + g*x. List the prime factors of x.
2, 43
Suppose 4*v + o + 543 - 3580 = 0, 5*v = 5*o + 3815. Let r = v - -516. What are the prime factors of r?
2, 11, 29
Suppose b - 3*q = 3990, b = -3*b + 2*q + 15950. List the prime factors of (b/(-12))/(1*9/(-12)).
443
Suppose 2*t - 2*o + 10 = -0*t, 4*o = 5*t + 22. Let w be (-18)/6 + 3 + (t - -1). Let u(i) = -238*i + 2. What are the prime factors of u(w)?
2, 3, 5
Let b be 15 - 0*(-3)/6. Let y be 6/b + 33/(-10)*-2. Suppose 0 = y*k - 97 - 36. What are the prime